s digit of y(-5)?
3
Suppose 2*k = -0*k - 8, 112 = 4*v + 5*k. What is the tens digit of v?
3
What is the units digit of 3*2*40/24?
0
Let g = 12 + 17. Suppose 0 = -4*c + 31 + g. What is the units digit of 20/(-2)*(-12)/c?
8
Let v(h) = 2*h**2 + 9*h + 13. What is the units digit of v(-4)?
9
Suppose -2*b - 2*b + 168 = 4*q, -q = -3*b + 114. What is the tens digit of b?
3
Let c be -3 - -18*(1 - 0). Suppose -y = 3*y - 44. Let q = c - y. What is the units digit of q?
4
Suppose 3*l - 158 - 49 = -4*a, -5*a = 3*l - 210. What is the units digit of l?
5
Suppose -2 = 4*u - 6. Suppose -x + u = 4. Let m = x - -10. What is the units digit of m?
7
Let h(d) = d + 17. What is the tens digit of h(0)?
1
Let x(p) = p**2 - 7*p + 9. Let o be x(6). Suppose -7 = -t - 4. Suppose 0 = t*d, o*d - 24 = -0*w - 3*w. What is the units digit of w?
8
Let i(d) = -6*d + 2. What is the units digit of i(-6)?
8
Suppose 2*n - 5*f + 14 = 0, -3*n - 3*f - f = 21. Let s(j) = 8 + 4*j - 3*j + j**3 - 6*j**2 + 13*j**2. What is the units digit of s(n)?
1
Let o be 1/(((-2)/38)/(-1)). Let p = o + -10. What is the units digit of p?
9
Suppose 0 - 3 = -h. Suppose -2*t = -h*c - 23, 4*c + 5 - 1 = 0. Suppose d - 6*d + t = 0. What is the units digit of d?
2
Let f be 1 - -1 - (4 - 1). Let c be (-4)/f + -3 - -1. Suppose -c*d + 7 = -d. What is the units digit of d?
7
Let x(l) = -l**2 + 3*l. Let m(a) = 2*a**2 - 4*a - 1. Let i(w) = -2*m(w) - 3*x(w). Let n be i(-2). What is the units digit of n - (2/2 - 21)?
0
Let t be ((-15)/10)/(2/(-4)). Suppose -t*w + 6 + 6 = 0. Suppose 5*i - 5*a - 40 = 10, i + a - w = 0. What is the units digit of i?
7
Let b = -175 - -386. What is the hundreds digit of b?
2
What is the tens digit of 376 + (2*(4 - 2) - 3)?
7
Suppose -5*d + 231 = -2*d. What is the tens digit of d?
7
Let r = 12 - 6. Let g = r - -2. What is the units digit of g?
8
Suppose -10*s - 736 = -14*s. What is the tens digit of s?
8
Let j = 143 + -127. What is the units digit of j?
6
Let x(r) = -r**3 - 5*r**2 - 6*r - 4. Let c be x(-6). What is the tens digit of c/6 - (-2)/(-6)?
1
What is the units digit of (2 - (4 - 8))*(-2 - -39)?
2
Suppose z + 61 = 2*p, -z - 157 = -5*p - 0*p. What is the units digit of p?
2
Let t be 1*(-2 + -2) - 3. Let h = t + 14. Suppose h*f - 4 = 5*f. What is the units digit of f?
2
Let c(y) = -21*y**3 - y**2. Let p(o) = o**2 - 4*o + 2. Let l be p(3). Let t be c(l). Suppose v - t + 5 = 0. What is the units digit of v?
5
Suppose 4*a + 12 = 0, 0 = -4*p - a - 4*a + 21. Let c = p - 0. What is the units digit of (c/(-3) - 3)/(-1)?
6
Let k = -205 + 349. What is the units digit of k?
4
Let n(k) = -k**3 - 7*k**2 + 20*k - 3. What is the units digit of n(-11)?
1
Suppose -5*t + 91 = -4*h, 0 = t + 3*t + 5*h - 40. What is the tens digit of t?
1
Let p = -7 + 12. Suppose 4*r + 7 = -p. What is the tens digit of (-35)/(-5) + (0 - r)?
1
Suppose -13*y + 852 - 189 = 0. What is the tens digit of y?
5
Let x be 13/(-4) + 2/8. Let z(q) be the third derivative of -q**4/12 - q**3/3 - 3*q**2. What is the units digit of z(x)?
4
Suppose -t - c = 2*c - 19, 4*t - 3*c - 31 = 0. Suppose -u + 18 = -0*u. Let v = u - t. What is the units digit of v?
8
Suppose -20 = -5*i + i. Suppose k - i*k + 48 = 0. What is the units digit of k?
2
Let x be (1 + -2 + 0)*-20. Let p = -41 + x. Let h = p - -34. What is the units digit of h?
3
Suppose -7*r + 4*p - 4 = -5*r, 0 = 4*r + 2*p - 12. Let l(d) = -3*d + 2*d + 0*d + d**3 - d**r. What is the tens digit of l(3)?
1
Suppose -4*y + 228 = 5*k, k = -4*y + 57 - 21. What is the units digit of k?
8
Let g(d) = d**3 - 4*d**2 + 6*d - 1. Let r be (-12)/(-42) + 52/14. Let b be g(r). Suppose 5*k - b = 7. What is the units digit of k?
6
Let n = 5 + -2. Let o be (1/2)/(n/(-66)). Let x = 20 + o. What is the units digit of x?
9
Suppose 2*z + 5*b + 49 = -2*z, 0 = -2*z + 3*b + 3. Let w = z + 19. What is the tens digit of w?
1
What is the hundreds digit of 1*(4/4 - -269)?
2
Let x(k) be the first derivative of -k**5/60 - k**4/6 + k**3/2 - 3*k**2/2 + 3. Let b(q) be the second derivative of x(q). What is the units digit of b(-4)?
3
Let v be 40/7 - 2/(-7). Let a be (v/4)/((-6)/16). Let p = a + 12. What is the units digit of p?
8
Let o be (-19)/6 + (-2)/(-12). Let m(t) = -5*t**2 - 2*t + 7. Let y(h) = -14*h**2 - 6*h + 20. Let k(w) = 8*m(w) - 3*y(w). What is the units digit of k(o)?
8
Let r(i) = 3*i**3 - i**2 - i. Let z be r(2). What is the units digit of 230/z - 4/(-18)?
3
Let u(q) = -2 - q - 4*q + 0. What is the tens digit of u(-3)?
1
Let k be (-4)/((-30)/9 + 3). Suppose 4*c - 3*h - 92 = 0, 0 = 3*h + k. Let a = 40 - c. What is the units digit of a?
0
Let x = 6 + 0. Let q = -2 + x. Suppose -q*p - l + 8 = -11, -1 = l. What is the units digit of p?
5
What is the units digit of (-1 - -197) + (-10)/(20/4)?
4
Let j be 6/10 - (-12)/5. Suppose 10 + 22 = -l - 4*d, 4*l + j*d = -76. Let u = -8 - l. What is the units digit of u?
8
Let t(k) = k**2 - 9*k + 12. Let l be t(8). Suppose 5*w + l = 49. What is the units digit of w?
9
Suppose 4*k - 4 = 3*o, 3*k - 4*o + 3 + 1 = 0. Suppose -3*r = 5*x - 10*x + 15, -39 = -k*x - 3*r. Suppose -2 = -4*l + x. What is the units digit of l?
2
Let h(c) = -c**3 + 8*c**2 + 10*c - 5. Let m be h(9). Suppose -43 = -m*r + 21. What is the units digit of r?
6
Suppose 5*s = 4*s - 5*h - 31, 4*h = -5*s - 92. Let x = 19 + s. What is the units digit of x?
3
Suppose a - 2*k - 38 = 0, -3*a + 7*a - k - 124 = 0. What is the units digit of a?
0
Suppose f = -3*f + 8. Suppose 0 = 3*z - f*z + 4*p + 18, z + 12 = -2*p. Let q = z + 22. What is the tens digit of q?
1
Let c be (0 - 5)*(4 + -1). Let m be ((-3)/(-5))/((-3)/c). Suppose -4 - m = -w. What is the units digit of w?
7
Let o = -82 - -142. What is the tens digit of o?
6
Suppose 0 = -5*g + 20, -4*f + 5*g + 3 = -133. What is the tens digit of f?
3
Suppose -3*t - 139 = -a, 191 = a + 2*t + 57. What is the tens digit of a?
3
Suppose -h = -5*h. Suppose 5*a + 9 - 59 = h. What is the units digit of a?
0
Suppose -v = 4*v - 10. Suppose 5*f + v*y - 4*y = 16, -15 = 5*y. Suppose -f*t + 2*n + 10 = 0, t - 2*t + 6 = -2*n. What is the units digit of t?
4
Suppose -1 = o - 136. Suppose -o = -4*l - l. What is the tens digit of l?
2
Let l(o) = o - 3. Let p be l(5). Suppose 0 = -p*j + 28 - 8. What is the units digit of j?
0
Let a(i) be the second derivative of i**5/20 + i**4/6 - i**3/3 + 2*i**2 - i. What is the units digit of a(-3)?
1
Let b(x) = -x**3 - x**2 + 2*x - 5. What is the units digit of b(-4)?
5
Let n(l) = l**2 + 5*l + 4. Let i be n(-5). Suppose 0*d - 4 = i*o - 4*d, 2*o - d = 0. What is the units digit of (0/o - -1)/1?
1
Suppose -10*y = -1080 - 1100. What is the hundreds digit of y?
2
Suppose -3*b - b + 14 = -3*u, 3*b + 2 = -4*u. What is the tens digit of 43 - b*(-1)/2?
4
Let k be (-2)/(1 - -1) - -2. Suppose 3*g = 23 + k. Suppose 2*n = g + 2. What is the units digit of n?
5
Let q(z) = -z + 1. Let s(j) = j**2 - 7*j + 7. Let w be s(6). Let y be q(w). Suppose o - 4 = -y*o. What is the units digit of o?
4
Let w(c) = -2*c + 1. Let n be w(-1). Suppose -2*a - n = -3*a. What is the units digit of a?
3
What is the tens digit of 0 + 61 + (-1)/((-4)/16)?
6
Let t = -378 + 639. What is the hundreds digit of t?
2
Let s(q) = 3*q**2 + 16*q - 12. What is the units digit of s(-8)?
2
Suppose -4*h + 118 = -282. What is the hundreds digit of h?
1
Suppose -2*z + 66 = -r, 4*z = -z + 5*r + 155. What is the tens digit of z?
3
Let o = 48 + -34. What is the units digit of 6/4*o/3?
7
Let k(g) be the second derivative of -g**5/20 - g**4/6 + g**3/2 + g**2 - g. What is the units digit of k(-3)?
2
Let m(r) be the second derivative of r**4/2 - r**2/2 - 4*r. What is the units digit of m(-2)?
3
Let b(c) = c**2 - 10*c + 9. Let k be b(7). Let n = -2 - k. What is the tens digit of n?
1
Suppose t - 9 = -8. What is the units digit of t?
1
Let z = 11 + -16. What is the units digit of z/(-1*(-3 - -4))?
5
Let u(n) = -n**3 + 7*n**2 + 10*n - 11. Let z be u(8). Suppose -d = -z + 2. What is the units digit of d?
3
Let q(r) = -8*r - 40. What is the tens digit of q(-16)?
8
Let a(k) = -10*k - 16. Let y(m) = 10*m + 16. Let n(b) = 5*a(b) + 4*y(b). What is the tens digit of n(-6)?
4
Let r = 9 + -9. What is the units digit of (6 + r)/((-2)/(-7))?
1
Let w be 4 - (2 - 3/3). Suppose w*p - 186 = -3*p. What is the units digit of p?
1
Let f 